{"id":43,"date":"2016-11-03T15:44:07","date_gmt":"2016-11-03T15:44:07","guid":{"rendered":"http:\/\/drfernando.megadata.poweredbyclear.com\/?page_id=43"},"modified":"2025-02-05T11:24:37","modified_gmt":"2025-02-05T14:24:37","slug":"trayectoria-profesional","status":"publish","type":"page","link":"https:\/\/doctorfernando.cl\/index.php\/trayectoria-profesional\/","title":{"rendered":"Trayectoria Profesional"},"content":{"rendered":"\n<p><em><strong>Titulos o Grados Academicos<\/strong><\/em><\/p>\n\n\n\n<ul class=\"wp-block-list\"><li>M\u00e9dico Cirujano, Universidad de Chile.<\/li><li>M\u00e9dico Especialista en Pediatr\u00eda, Beca Universidad de Chile.<\/li><li>Neonat\u00f3logo, Co-creador de la Rama de Neonatolog\u00eda de CONACEM. Actual Miembro de la Comisi\u00f3n Certificadora de la sub-especialidad.<\/li><li>Profesor de Pediatria de la Universidad de Chile.<\/li><li>Mag\u00edster en\u00a0 Administraci\u00f3n y Gesti\u00f3n en Salud, Universidad de los Andes.<\/li><li>Programa de Reanimaci\u00f3n Neonatal basado en las Normas de la Academia Americana de Pediatr\u00eda.<\/li><li>Miembro de la Comisi\u00f3n de Certificaci\u00f3n de las Unidades de Formaci\u00f3n de Especialistas en Neonatolog\u00eda de ASOFAMECH.<\/li><li>Diplomado de Alta Direcci\u00f3n de Redes de Salud. IAS, Facultad de Econom\u00eda y Negocios, Universidad de Chile.<\/li><li>MBA Salud IAS. Facultad de Econom\u00eda y Negocios, Universidad de Chile.<\/li><\/ul>\n\n\n\n<p><\/p>\n","protected":false},"excerpt":{"rendered":"<p>Titulos o Grados Academicos M\u00e9dico Cirujano, Universidad de Chile. M\u00e9dico Especialista en Pediatr\u00eda, Beca Universidad de Chile. Neonat\u00f3logo, Co-creador de <\/p>\n<div class=\"read-more-text\"><a href=\"https:\/\/doctorfernando.cl\/index.php\/trayectoria-profesional\/\" class=\"read-more\">Continuar leyendo<\/a><\/div>\n","protected":false},"author":1,"featured_media":0,"parent":0,"menu_order":0,"comment_status":"closed","ping_status":"closed","template":"","meta":{"footnotes":""},"class_list":["post-43","page","type-page","status-publish","hentry"],"_links":{"self":[{"href":"https:\/\/doctorfernando.cl\/index.php\/wp-json\/wp\/v2\/pages\/43","targetHints":{"allow":["GET"]}}],"collection":[{"href":"https:\/\/doctorfernando.cl\/index.php\/wp-json\/wp\/v2\/pages"}],"about":[{"href":"https:\/\/doctorfernando.cl\/index.php\/wp-json\/wp\/v2\/types\/page"}],"author":[{"embeddable":true,"href":"https:\/\/doctorfernando.cl\/index.php\/wp-json\/wp\/v2\/users\/1"}],"replies":[{"embeddable":true,"href":"https:\/\/doctorfernando.cl\/index.php\/wp-json\/wp\/v2\/comments?post=43"}],"version-history":[{"count":5,"href":"https:\/\/doctorfernando.cl\/index.php\/wp-json\/wp\/v2\/pages\/43\/revisions"}],"predecessor-version":[{"id":3816,"href":"https:\/\/doctorfernando.cl\/index.php\/wp-json\/wp\/v2\/pages\/43\/revisions\/3816"}],"wp:attachment":[{"href":"https:\/\/doctorfernando.cl\/index.php\/wp-json\/wp\/v2\/media?parent=43"}],"curies":[{"name":"wp","href":"https:\/\/api.w.org\/{rel}","templated":true}]}}